{"id":28103,"date":"2018-08-09T11:42:06","date_gmt":"2018-08-09T11:42:06","guid":{"rendered":"https:\/\/demo-install.wpestate.org\/?page_id=3"},"modified":"2020-06-08T09:28:25","modified_gmt":"2020-06-08T09:28:25","slug":"informativa-privacy","status":"publish","type":"page","link":"https:\/\/www.cilentohome.com\/realestate\/informativa-privacy\/","title":{"rendered":"Informativa Privacy"},"content":{"rendered":"<p>[vc_row][vc_column][vc_column_text]<strong>Cilento Home \u2013 Informativa sul trattamento dei dati personali<\/strong> aggiornata al 02\/06\/2020, ai sensi dell\u2019art. 13 e 14 del Regolamento (UE) 679\/2016[\/vc_column_text][vc_column_text]Desideriamo informarla che il <strong>Regolamento Europeo 679\/2016 \u2013 GDPR<\/strong> prevede la tutela delle persone fisiche rispetto al trattamento dei dati personali. Secondo la normativa indicata, tale trattamento sar\u00e0 improntato ai principi di correttezza, liceit\u00e0 e trasparenza e di tutela della Sua riservatezza e dei Suoi diritti. Per quanto sopra ai sensi dell\u2019articolo 13 del GDPR le forniamo le informazioni a seguire.[\/vc_column_text][vc_custom_heading text=&#8221;Titolare del trattamento&#8221; font_container=&#8221;tag:h3|text_align:left&#8221; use_theme_fonts=&#8221;yes&#8221;][vc_column_text]Il titolare del trattamento \u00e8 <strong>Cilento Home<\/strong> di Rosalba Calvete, via Serri 84050 Giungano (SA), P.IVA 05085930658, REA SA 418406.<br \/>\n<strong>Tel.:<\/strong> +39 327 2520555<br \/>\n<strong>Mail:<\/strong> <a href=\"mailto:info@cilentohome.com\">info@cilentohome.com<\/a>[\/vc_column_text][vc_custom_heading text=&#8221;Accesso al sito&#8221; font_container=&#8221;tag:h3|text_align:left&#8221; use_theme_fonts=&#8221;yes&#8221;][vc_column_text]In relazione all\u2019utilizzo del sito web, si distinguono le diverse categorie di utenti:<\/p>\n<ul>\n<li><strong>utente che utilizza il sito web in cerca di immobili da locare;<\/strong><\/li>\n<li><strong>utente che offronto in locazione un immobile (B&amp;B, case vacanze, agriturismo, affittacamere, hotel, ostello, camping, villaggio).<\/strong><\/li>\n<\/ul>\n<p>L\u2019utente pu\u00f2 accedere al servizio di ricerca immobili in maniera anonima, per gli altri servizi come la pubblicazione di un annuncio e la richiesta di prenotazione deve effettuare la registrazione.<br \/>\nPer quanto riguarda la <strong>registrazione<\/strong> degli utenti, vengono richiesti obbligatoriamente:<\/p>\n<ul>\n<li>Nome utente<\/li>\n<li>Indirizzo e-mail<\/li>\n<li>Numero di telefono<\/li>\n<\/ul>\n<p>Per quanto riguarda invece la sola <strong>richiesta di informazioni<\/strong> ai proprietari (per cui non \u00e8 necessaria la registrazione), vengono richiesti obbligatoriamente:<\/p>\n<ul>\n<li>Nome<\/li>\n<li>Indirizzo e-mail<\/li>\n<li>Numero di telefono<\/li>\n<li>Giorno di check-in e chek-out<\/li>\n<li>Numero di ospiti<\/li>\n<\/ul>\n<p>[\/vc_column_text][vc_custom_heading text=&#8221;Base giuridica del trattamento&#8221; font_container=&#8221;tag:h3|text_align:left&#8221; use_theme_fonts=&#8221;yes&#8221;][vc_column_text]I dati personali raccolti dal Titolare attraverso l\u2019utilizzo del sito web verranno trattati per le seguenti finalit\u00e0:<\/p>\n<ul>\n<li><strong>per gli utenti inserzionisti:<\/strong> fornire un servizio di gestione dei propri annunci, consentendo loro di rispondere alle richieste di informazioni ricevute e stipulare contratti di locazione con gli utenti interessati;<\/li>\n<li><strong>per gli utenti che cercano una locazione:<\/strong> gestire la prenotazione, possibilit\u00e0 di salvare anunci e pubblicare recensioni e esprimere il grado di soddisfazione sugli immobili presi in locazione.<\/li>\n<\/ul>\n<p><strong>Il conferimento dei dati \u00e8 facoltativo, anche se strettamente necessario per consentire la corretta esecuzione dei servizi.<\/strong><br \/>\n[\/vc_column_text][vc_custom_heading text=&#8221;Modalit\u00e0 del trattamento&#8221; font_container=&#8221;tag:h3|text_align:left&#8221; use_theme_fonts=&#8221;yes&#8221;][vc_column_text]I Suoi dati personali sono sottoposti a trattamento sia cartaceo che elettronico e\/o automatizzato secondo i principi di correttezza, lealt\u00e0 e trasparenza previsti dalla normativa applicabile in materia di protezione dei dati personali e tutelando la riservatezza dell\u2019Interessato tramite misure di sicurezza tecniche e organizzative per garantire un livello di sicurezza adeguato.[\/vc_column_text][vc_custom_heading text=&#8221;Conservazione dei dati&#8221; font_container=&#8221;tag:h3|text_align:left&#8221; use_theme_fonts=&#8221;yes&#8221;][vc_column_text]Il Titolare tratter\u00e0 i dati personali per il <strong>tempo necessario<\/strong> per adempiere alle finalit\u00e0 di cui sopra. Qualora non pervenga al Titolare una richiesta di cancellazione, i dati personali saranno conservati per non oltre 10 anni per adempiere agli obblighi previsti in ambito fiscale e contabile, agli altri obblighi previsti dalla legge o da un ordine dell\u2019Autorit\u00e0.[\/vc_column_text][vc_custom_heading text=&#8221;Comunicazione, diffusione e trasferimento dei Dati&#8221; font_container=&#8221;tag:h3|text_align:left&#8221; use_theme_fonts=&#8221;yes&#8221;][vc_column_text]I dati raccolti non saranno mai diffusi e non saranno oggetti di comunicazione senza Suo esplicito consenso, salvo le comunicazioni necessarie che possono comportare il trasferimento di dati ad Enti pubblici, a consulenti o ad altri soggetti per l\u2019adempimento degli obblighi di legge. I Suoi dati potranno essere resi accessibili:<\/p>\n<ul>\n<li>a dipendenti e collaboratori del Titolare, nella loro qualit\u00e0 di incaricati e\/o responsabili interni del trattamento e\/o amministratori di sistema a norma dell\u2019art. 29 del GDPR;<\/li>\n<li>a terze parti come aziende o privati che offrono immobili per affitto turistico, per consentire all\u2019Utente di ricevere le informazioni necessarie riguardo la propria ricerca;<\/li>\n<li>fornitori di servizi e istituti finanziari.<\/li>\n<\/ul>\n<p>[\/vc_column_text][vc_custom_heading text=&#8221;Raccolta dati di navigazione&#8221; font_container=&#8221;tag:h3|text_align:left&#8221; use_theme_fonts=&#8221;yes&#8221;][vc_column_text]I <strong>sistemi informatici<\/strong> e le <strong>procedure software<\/strong> preposte al funzionamento del sito web acquisiscono automaticamente, nel corso del loro normale esercizio, alcuni dati personali la cui trasmissione \u00e8 implicita nell\u2019uso dei protocolli di comunicazione di Internet.<br \/>\nTali informazioni potrebbero tuttavia, per la loro stessa natura, permettere di risalire, anche attraverso elaborazioni ed associazioni con dati detenuti da terzi, all\u2019identit\u00e0 dell\u2019utente.<br \/>\nIn questa categoria di dati rientrano gli indirizzi IP o i nomi a dominio dei computer utilizzati dagli utenti che si connettono al sito, gli indirizzi in notazione URI (Uniform Resource Identifier) delle risorse richieste, l\u2019orario della richiesta, il metodo utilizzato nel sottoporre la richiesta al server, la dimensione del file ottenuto in risposta, il codice numerico indicante lo stato della risposta data dal server (buon fine, errore, ecc.) ed altri parametri relativi al sistema operativo e all\u2019ambiente informatico dell\u2019utente.<br \/>\nQuesti dati vengono utilizzati dal Titolare <strong>al solo fine<\/strong> di ricavare informazioni statistiche anonime sull\u2019uso del sito e per controllarne il corretto funzionamento, vengono utilizzate solo all\u2019interno di Cilento Home e vengono cancellati immediatamente dopo l\u2019elaborazione. I dati potrebbero essere utilizzati per l\u2019accertamento di responsabilit\u00e0 in caso di ipotetici reati informatici ai danni del sito o pi\u00f9 in generale della Societ\u00e0.[\/vc_column_text][vc_custom_heading text=&#8221;Cookie&#8221; font_container=&#8221;tag:h3|text_align:left&#8221; use_theme_fonts=&#8221;yes&#8221;][vc_column_text]Il sito web utilizza i cookies allo scopo di migliorare la navigazione. Si rimanda alla <a href=\"https:\/\/www.cilentohome.com\/realestate\/informativa-cookie\/\" target=\"_blank\" rel=\"noopener noreferrer\">Informativa Cookie<\/a> del sito per un approfondimento.[\/vc_column_text][vc_custom_heading text=&#8221;Diritti dell\u2019Interessato&#8221; font_container=&#8221;tag:h3|text_align:left&#8221; use_theme_fonts=&#8221;yes&#8221;][vc_column_text]L\u2019interessato potr\u00e0 esercitare, in relazione al trattamento dei dati ivi descritto, i diritti previsti dal GDPR (art. 15-22), ivi inclusi:<\/p>\n<ul>\n<li>ricevere conferma dell\u2019esistenza dei Dati e accedere al loro contenuto <strong>(diritti di accesso)<\/strong>;<\/li>\n<li>aggiornare, modificare e\/o correggere i Dati <strong>(diritto di rettifica)<\/strong>;<\/li>\n<li>chiederne la cancellazione o la limitazione del trattamento dei Dati trattati in violazione di legge compresi quelli di cui non \u00e8 necessaria la conservazione in relazione agli scopi per i quali i Dati sono stati raccolti o altrimenti trattati <strong>(diritto all\u2019oblio e diritto alla limitazione)<\/strong>;<\/li>\n<li>opporsi al trattamento <strong>(diritto di opposizione)<\/strong>;<\/li>\n<li>proporre reclamo all\u2019Autorit\u00e0 di controllo (garante per la protezione dei dati personali: <a href=\"http:\/\/www.garanteprivacy.it\" target=\"_blank\" rel=\"noopener noreferrer\">www.garanteprivacy.it<\/a>) in caso di violazione della disciplina in materia di protezione dei dati personali;<\/li>\n<li>ricevere copia in formato elettronico dei Dati che lo riguardano come Interessato, quando tali Dati siano stati resi nel contesto del contratto e chiedere che tali Dati siano trasmessi ad un altro titolare del trattamento <strong>(diritto alla portabilit\u00e0 dei dati)<\/strong>.<\/li>\n<\/ul>\n<p><strong>Per esercitare tali diritti<\/strong> l\u2019Interessato pu\u00f2 contattare il Titolare del trattamento inviando una comunicazione all\u2019indirizzo mail: <a href=\"mailto:info@cilentohome.com\" target=\"_blank\" rel=\"noopener noreferrer\">info@cilentohome.com<\/a>. Nel contattarci, l\u2019Interessato dovr\u00e0 accettarsi di includere il proprio nome, email, indirizzo postale e\/o numero di telefono per essere sicuro che la sua richiesta possa essere gestita correttamente.[\/vc_column_text][\/vc_column][\/vc_row]<\/p>\n","protected":false},"excerpt":{"rendered":"<p>[vc_row][vc_column][vc_column_text]Cilento Home \u2013 Informativa sul trattamento dei dati personali aggiornata al 02\/06\/2020, ai sensi dell\u2019art. 13 e 14 del Regolamento (UE) 679\/2016[\/vc_column_text][vc_column_text]Desideriamo informarla che il Regolamento Europeo 679\/2016 \u2013 GDPR prevede la tutela delle persone &#8230;<\/p>\n","protected":false},"author":1,"featured_media":0,"parent":0,"menu_order":39,"comment_status":"closed","ping_status":"open","template":"","meta":[],"yoast_head":"<!-- This site is optimized with the Yoast SEO plugin v14.8 - https:\/\/yoast.com\/wordpress\/plugins\/seo\/ -->\n<title>Informativa Privacy - CilentoHome Immobiliare<\/title>\n<meta name=\"robots\" content=\"index, follow\" \/>\n<meta name=\"googlebot\" content=\"index, follow, max-snippet:-1, max-image-preview:large, max-video-preview:-1\" \/>\n<meta name=\"bingbot\" content=\"index, follow, max-snippet:-1, max-image-preview:large, max-video-preview:-1\" \/>\n<link rel=\"canonical\" href=\"https:\/\/www.cilentohome.com\/realestate\/informativa-privacy\/\" \/>\n<meta property=\"og:locale\" content=\"it_IT\" \/>\n<meta property=\"og:type\" content=\"article\" \/>\n<meta property=\"og:title\" content=\"Informativa Privacy - CilentoHome Immobiliare\" \/>\n<meta property=\"og:description\" content=\"[vc_row][vc_column][vc_column_text]Cilento Home \u2013 Informativa sul trattamento dei dati personali aggiornata al 02\/06\/2020, ai sensi dell\u2019art. 13 e 14 del Regolamento (UE) 679\/2016[\/vc_column_text][vc_column_text]Desideriamo informarla che il Regolamento Europeo 679\/2016 \u2013 GDPR prevede la tutela delle persone ...\" \/>\n<meta property=\"og:url\" content=\"https:\/\/www.cilentohome.com\/realestate\/informativa-privacy\/\" \/>\n<meta property=\"og:site_name\" content=\"CilentoHome Immobiliare\" \/>\n<meta property=\"article:modified_time\" content=\"2020-06-08T09:28:25+00:00\" \/>\n<meta name=\"twitter:card\" content=\"summary_large_image\" \/>\n<script type=\"application\/ld+json\" class=\"yoast-schema-graph\">{\"@context\":\"https:\/\/schema.org\",\"@graph\":[{\"@type\":\"WebSite\",\"@id\":\"https:\/\/www.cilentohome.com\/realestate\/#website\",\"url\":\"https:\/\/www.cilentohome.com\/realestate\/\",\"name\":\"CilentoHome Immobiliare\",\"description\":\"Vendita e Affitto case nel Cilento\",\"potentialAction\":[{\"@type\":\"SearchAction\",\"target\":\"https:\/\/www.cilentohome.com\/realestate\/?s={search_term_string}\",\"query-input\":\"required name=search_term_string\"}],\"inLanguage\":\"it-IT\"},{\"@type\":\"WebPage\",\"@id\":\"https:\/\/www.cilentohome.com\/realestate\/informativa-privacy\/#webpage\",\"url\":\"https:\/\/www.cilentohome.com\/realestate\/informativa-privacy\/\",\"name\":\"Informativa Privacy - CilentoHome Immobiliare\",\"isPartOf\":{\"@id\":\"https:\/\/www.cilentohome.com\/realestate\/#website\"},\"datePublished\":\"2018-08-09T11:42:06+00:00\",\"dateModified\":\"2020-06-08T09:28:25+00:00\",\"inLanguage\":\"it-IT\",\"potentialAction\":[{\"@type\":\"ReadAction\",\"target\":[\"https:\/\/www.cilentohome.com\/realestate\/informativa-privacy\/\"]}]}]}<\/script>\n<!-- \/ Yoast SEO plugin. -->","_links":{"self":[{"href":"https:\/\/www.cilentohome.com\/realestate\/wp-json\/wp\/v2\/pages\/28103"}],"collection":[{"href":"https:\/\/www.cilentohome.com\/realestate\/wp-json\/wp\/v2\/pages"}],"about":[{"href":"https:\/\/www.cilentohome.com\/realestate\/wp-json\/wp\/v2\/types\/page"}],"author":[{"embeddable":true,"href":"https:\/\/www.cilentohome.com\/realestate\/wp-json\/wp\/v2\/users\/1"}],"replies":[{"embeddable":true,"href":"https:\/\/www.cilentohome.com\/realestate\/wp-json\/wp\/v2\/comments?post=28103"}],"version-history":[{"count":2,"href":"https:\/\/www.cilentohome.com\/realestate\/wp-json\/wp\/v2\/pages\/28103\/revisions"}],"predecessor-version":[{"id":31874,"href":"https:\/\/www.cilentohome.com\/realestate\/wp-json\/wp\/v2\/pages\/28103\/revisions\/31874"}],"wp:attachment":[{"href":"https:\/\/www.cilentohome.com\/realestate\/wp-json\/wp\/v2\/media?parent=28103"}],"curies":[{"name":"wp","href":"https:\/\/api.w.org\/{rel}","templated":true}]}}